21
Let n be 1 + ((-4 - -4)/(-3))/(-1). Let b(h) = -17*h - 1. Calculate b(n).
-18
Let z = 6 + -2. Let v(i) be the second derivative of -i**4/6 + 5*i**3/6 + i**2/2 - 195*i. Give v(z).
-11
Let c be 5 + -6 - 1/(-1). Let k be 0/(-1) + (2 - c). Let q(f) = 13*f - 6. Let b(r) = -20*r + 9. Let w(o) = 5*b(o) + 8*q(o). Calculate w(k).
5
Let y(d) = -49 - d + 29 + 2*d + 16. Suppose 4*o + 16 = -4. Let z(r) = r**3 + 6*r**2 + 4*r - 2. Let t be z(o). Give y(t).
-1
Suppose 3*n = 2*c + 8, 2*c + n + 8 = -2*n. Let k = c - -5. Let j(w) = 13*w**3 - 1 - 4*w**3 + 1. Determine j(k).
9
Let m(k) be the first derivative of -k**4/4 + 2*k**3 + 3*k**2 - 3*k - 93. Give m(7).
-10
Suppose -3*r + 14 = -4*p - 17, 3*r - 23 = 2*p. Suppose -3*k - 12 = -7*k. Let b(x) = 3*x**2 - x**k + 8*x + 2*x**2 - r - 4 + 1. Give b(6).
4
Suppose 0 = g + 362 - 365. Let n(b) = 9*b + 1. What is n(g)?
28
Let z(c) be the first derivative of -c**3/3 + 11*c**2/2 - 70. What is z(10)?
10
Let p(q) be the second derivative of -q**2 + q - 1/4*q**4 + 0 - 1/20*q**5 - 1/2*q**3. Let n be 3/(-9)*1*6. Determine p(n).
0
Let d(c) = c**2 + 11*c + 5. Let t(y) = -2*y**2 - 20*y - 8. Let r(x) = 7*d(x) + 4*t(x). Determine r(-5).
-7
Suppose h - 20 = -4*f, -3*h + 7*h - 20 = -f. Suppose -20 = 5*s - f*x, 5*x = -3*s - 39 - 10. Let b(j) = j + 4. Calculate b(s).
-4
Suppose -4*c = -6*c + q - 5, -4*c - q - 7 = 0. Let w(t) be the first derivative of -t**2/2 - 4*t - 14. Determine w(c).
-2
Let n(t) be the third derivative of -13*t**6/120 + t**4/24 - t**3/6 + 46*t**2. Calculate n(1).
-13
Let i(g) = g**3 + 6*g**2 + 5*g - 4. Let w be -26 - (1/(-1) + 0). Let z = 37 + w. Let b be 9/(-3)*20/z. Calculate i(b).
-4
Let s(f) be the third derivative of -f**6/120 - f**5/15 - f**4/24 + f**3/2 - f**2. Let r = -58 + 79. Let o be (-138)/42 + -2 + 48/r. Calculate s(o).
-3
Let h(z) be the first derivative of 0*z - 3/2*z**2 + 1/6*z**3 - 6 - 1/24*z**4. Let d(g) be the second derivative of h(g). Calculate d(-2).
3
Let w(c) = -c**3 + c**2 - c + 1. Let v(j) be the third derivative of j**5/60 - 5*j**4/24 - 2*j**3 + 14*j**2. Let f be v(7). Calculate w(f).
-5
Let r(w) = -4*w**2 + 7*w + 3. Let a(c) = 4*c - 4. Let p be a(2). Suppose 0 = 4*z + 3 + 17. Let m(o) = -3*o**2 + 7*o + 3. Let i(u) = p*r(u) + z*m(u). Give i(-6).
3
Let o(a) = a - 3. Let g be o(-3). Let k = g - -3. Let d(p) = 70*p - 17. Let h(z) = -26*z + 6. Let v(q) = 4*d(q) + 11*h(q). What is v(k)?
16
Let z(o) = 15*o - 129. Let i(g) = -7*g + 59. Let k(f) = -13*i(f) - 6*z(f). Give k(-11).
-4
Let z(v) be the second derivative of v**3/6 + 9*v**2 + 342*v. Determine z(-10).
8
Suppose -f + 3*f = 4. Let w(h) = -h**3 + 5*h**2 - h - 6. Let q(o) = -o**3 + 8*o**2 - 2*o - 10. Let s(n) = 4*q(n) - 7*w(n). Determine s(f).
12
Let w(b) = b - 11*b - 26 + 1834*b**2 - 1835*b**2 - 9*b. Determine w(-17).
8
Let v(f) = f**3 + 0 + 7*f**2 + 0 - 6 - 6*f. Let u(x) = 370*x - 4448. Let a be u(12). Determine v(a).
-22
Let f(t) = 4*t**2 - 7*t + 16. Let j be (-8 + 9)/((-2)/(-4)). Let i(b) = 5*b - 9*b**2 + b**j - 11 + 5*b**2. Let o(v) = 5*f(v) + 7*i(v). Give o(-3).
-6
Let b(r) = -r + 2. Let s(t) = -7*t + 31*t - 7*t - 4 - 16*t. Let w be s(6). Determine b(w).
0
Let u(s) = -s**2 - 20*s + 7. Let f(c) = c**2 + 19*c - 7. Let r(d) = -5*f(d) - 4*u(d). Calculate r(-16).
-9
Let s(o) = -9*o + o**2 + 8 + 15*o - 6. Give s(-8).
18
Let h(b) = 4 + b**2 + 22*b - 16*b + 1. Suppose 7*z + 11 + 17 = 0. Give h(z).
-3
Let a(g) = 7*g**3 + g**2 + g - 1. Suppose 5*d - p - 2*p = 15, 0 = 4*d - 2*p - 12. Let i be 1 - (d + 0 + -5). Let l be (-2 - -3)*i/3. Give a(l).
8
Let u(x) be the first derivative of -2*x**3/3 + 3*x**2/2 + 2*x - 182. Calculate u(-2).
-12
Let o(i) be the first derivative of -i**3/3 + 7*i**2/2 + 4*i + 67. Give o(7).
4
Let z = 16 + -16. Let p be -1*z/((-8)/(-4)). Suppose -5*y + 5 = -p*y. Let f(w) = -w. Calculate f(y).
-1
Let q(j) be the third derivative of -j**4/8 - 2*j**3/3 - 11*j**2. Let u(a) = -3*a - 4. Let f(n) = -4*q(n) + 5*u(n). Calculate f(-5).
11
Let h(p) = -p**3 + 2*p**2 + 2*p - 1. Let m be h(2). Let b = m - -3. Suppose 3*q + 5*z = 10, -4*q = -z + b*z - 10. Let w(y) = -y - 5. Give w(q).
-5
Suppose -10 = 4*o - 26. Suppose 7 = o*c - 21. Let z(l) = 8 + l**3 + 0 - 3*l**2 + 5*l - 5*l**2. Give z(c).
-6
Let u = 22 - 20. Let w(h) = 3*h**2 + h - 4*h**u - 6*h - 11 + 9. What is w(-5)?
-2
Let l(v) be the first derivative of -3*v**2/2 - 2*v + 87. Give l(-1).
1
Suppose 4*n - 20 = 4*d, -n = -3*d - 2 + 3. Let b(g) = 11 - 2*g - 3 - n. Give b(2).
-4
Let x(n) = 4*n + 2*n**3 - 2 + 2*n + 4*n**2 - 6*n**2 - 5*n. What is x(2)?
8
Let o(j) = 3*j - 3. Let d = -10 + 12. Let y(u) = 4*u - 4. Let n(k) = d*y(k) - 3*o(k). Give n(2).
-1
Suppose -5*u + f + f = -12, -2*u + 5*f - 12 = 0. Let l(d) = 4*d**2 - 6 + 2*d**2 - 7*d**2 + 2 - u*d. Calculate l(-4).
-4
Let z = 79 - 74. Let f(h) = 0*h + z*h + 0*h - 8*h. Let d = 4 + -2. Give f(d).
-6
Suppose 24*g - 22*g = -16. Let i(w) = -3*w - 18. Give i(g).
6
Suppose 10*v + 24 = 4*v. Let m = -1 + 2. Let p(x) = 3*x - 4*x + m + 3*x. What is p(v)?
-7
Let k(w) = w**2 + 11*w - 4. Let x be k(-12). Suppose -5*y + 12 = -4*i, x = 2*y + 4*i + 20. Let h(d) = d**3 - 2. Determine h(y).
-2
Suppose 0 = o - 0*w - 5*w - 21, 5*w + 54 = 4*o. Let f(l) = l**3 - 12*l**2 + 12*l. Determine f(o).
11
Let q(p) = 93*p - 18. Let l(a) = 22*a - 4. Let o(x) = -21*l(x) + 5*q(x). What is o(-10)?
-36
Let l(f) = -83*f + 42*f + 49*f - f**2. Suppose 0 = 22*c - 32*c + 60. Give l(c).
12
Let k(i) be the third derivative of i**5/3 - i**4/24 + i**3/6 + 10*i**2 - 4*i. Suppose 4*q + 5 = 9*q. Give k(q).
20
Let b(y) = 2 + 16*y + 23*y - 2*y**2 + 22*y - 60*y. Let f = -8 - -5. Let n = -1 - f. What is b(n)?
-4
Let c = 82 - 79. Suppose 23 = c*m - m + 3*h, 0 = -5*m + h + 15. Let a(l) = 5*l - 6. What is a(m)?
14
Let s(g) = -g**2 - 10*g - 4. Let z(d) = d**3 - 19*d**2 - 10. Let l be z(19). Calculate s(l).
-4
Let s(y) = 2*y + 1. Let b(w) = 3*w + 6. Let h be b(-5). Let z = 23 + h. Suppose -5*l + z = -4*m, -5*l + 13 = 3. Determine s(m).
-1
Let w be (-2 - -3)/(1/5). Let z = -15 + 17. Let s(k) = 6 + k - 5 - z*k - 4*k + k**2. What is s(w)?
1
Let o be 14/(-6 - 1) - 1 - -5. Let v(y) be the third derivative of -y**4/12 - y**3/6 - y**2. Calculate v(o).
-5
Let b(u) = -u**3 + 16*u**2 - u + 18. Let x be b(16). Let o(p) = 8 - 68*p**3 - 8*p**2 + x + 69*p**3 + 5*p. Calculate o(7).
-4
Let v(o) = o**3 - 4*o**2 + 2*o + 4. Let n be (7 - -3)*(-2)/(-5). Suppose 4*q - 3 = -u + 20, -n*q = 2*u - 26. Determine v(u).
1
Let z(p) be the first derivative of 1/2*p**2 - p - 12. Determine z(-7).
-8
Let n(m) be the first derivative of -m**4/4 - 11*m**3/3 - 12*m - 174. Give n(-11).
-12
Suppose -4*l = 17 - 1. Let h(g) be the third derivative of 1/10*g**5 + 26*g**2 - 2/3*g**3 + 0*g + 5/24*g**4 + 0 + 1/120*g**6. What is h(l)?
8
Let h be ((-588)/(-48) - 12) + 70/8. Let u(r) = r - 9. Determine u(h).
0
Let x(y) = -y**3 + 6*y**2 + 5*y - 3. Let j(n) = 3*n**3 - 13*n**2 - 11*n + 7. Let a(q) = -2*j(q) - 5*x(q). Let h be ((-3)/(-4))/((-1)/4). Determine a(h).
1
Let d be (-165)/(-44)*(-4)/(-3). Let o(y) = -2 + 4 - 2*y + d. Calculate o(7).
-7
Let z(u) be the third derivative of -u**5/60 - u**4/6 - u**3/2 + 63*u**2. Give z(4).
-35
Let x(j) = -2 - 4*j - 6*j**2 - j**3 + 3 + 2. Let g(o) = o**3 + 8*o**2 + 7*o. Let n be g(-3). Suppose -n = 4*a - 2*k, 4*a - 2*k = 3*k - 30. What is x(a)?
-2
Let o be (-5)/(-24)*((-11)/(-55) - 0). Let d(h) be the third derivative of 0*h**5 + 2/3*h**3 - o*h**4 + 0*h - 1/120*h**6 + 0 - 3*h**2. Determine d(0).
4
Let d be (2/4)/((-1)/28). Let i(h) = -h**3 - 14*h**2 + 4. Let w be i(d). Suppose n - 12 = w*n. Let g(o) = 2*o**2 + 5*o - 4. Calculate g(n).
8
Suppose 7 = f + 8*r - 9*r, -3*f + 5*r = -25. Let g(m) = m**2 - 5*m + 2. Give g(f).
2
Let g be 250/875*7/(-2). Let d(b) = 7*b + 2. Calculate d(g).
-5
Let d be (2 - 0 - -2) + 1. Suppose 4*o = 0, d*v = -6*o + o - 35. Let r(n) = n + 4*n**2 - n**3 - 2 + 2*n**3 + 3*n**2. Calculate r(v).
-9
Let r(a) = 4*a**3 - 19*a - 4*a**3 + 24*a + 3 + 3*a**2 - a**3. What is r(4)?
7
Let u(y) = -y**3 - 5*y**2 + 5*y + 2. Let a(r) = -3*r**2 - 4*r - 2. Let j be a(-2). What is u(j)?
8
Suppose 4*g - 11 - 9 = 0. Suppose 6 = 3*j - 3*q, -g*j + 2 - 1 = -2*q. Let b(h) = 7*h + 11*h - 3*h**2 + 15*h - 34*h - 3*h**2 - 1. Give b(j).
-6
Let f(y) = 6*y - 4. Let c be f(3). Suppose -3*j + 4*d = -37, j - c - 5 = 3*d